{"id":42,"date":"2013-04-22T21:43:57","date_gmt":"2013-04-22T19:43:57","guid":{"rendered":"http:\/\/wp.vyhny.cz\/?page_id=42"},"modified":"2017-11-05T06:27:49","modified_gmt":"2017-11-05T05:27:49","slug":"historie-zavodu","status":"publish","type":"page","link":"https:\/\/www.zlataprilba.cz\/foogalerie\/historie-zavodu\/","title":{"rendered":"Historie z\u00e1vodu"},"content":{"rendered":"<p style=\"text-align: justify;\">Z\u00e1vod se poprv\u00e9 uskute\u010dnil v roce 1929 a byla to ud\u00e1lost. Jelo se na slavn\u00e9m dostihov\u00e9m z\u00e1vodi\u0161ti a byl to tak tro\u0161ku symbol t\u00e9 doby. Celkem patn\u00e1ctkr\u00e1t se zde se\u0161li p\u0159\u00edznivci tohoto sportu, aby na travnat\u00e9 dr\u00e1ze dlouh\u00e9 2 400 metr\u016f sledovali n\u00e1dhern\u00e9 boje, kter\u00e9 u\u017e mnoz\u00ed z n\u00e1s znaj\u00ed pouze ze star\u00fdch filmov\u00fdch z\u00e1b\u011br\u016f.<\/p>\n<p style=\"text-align: justify;\">Byla to n\u00e1dhern\u00e1 doba a na jm\u00e9na tehdej\u0161\u00edch p\u0159edv\u00e1le\u010dn\u00fdch v\u00edt\u011bz\u016f se dnes d\u00edv\u00e1me jako na jm\u00e9na hrdin\u016f. Dev\u011bt ro\u010dn\u00edk\u016f se stihlo uskute\u010dnit ne\u017e p\u0159i\u0161la prvn\u00ed velk\u00e1 p\u0159est\u00e1vka zavin\u011bn\u00e1 v\u00e1lkou. Zden\u011bk Pohl a Franta Juhan byli jedin\u00fdmi mu\u017ei, na jejich\u017e po\u010dest pr\u00e1v\u011b v t\u00e9 dob\u011b zazn\u011bla na\u0161e st\u00e1tn\u00ed hymna. P\u0159itom pam\u011btn\u00edci mi jist\u011b prominou, ale v\u00edt\u011bzstv\u00ed Juhana bylo asi daleko cenn\u011bj\u0161\u00ed, nebo\u0165 Pohl zv\u00edt\u011bzil v historicky jedin\u00e9m n\u00e1rodn\u00edm z\u00e1vod\u011b, to lze vyv\u00e1\u017eit t\u00edm, \u017ee na v\u011bky bude prvn\u00edm v\u00edt\u011bzem.<\/p>\n<p style=\"text-align: justify;\">Po v\u00e1lce se uskute\u010dnilo dal\u0161\u00edch \u0161est z\u00e1vod\u016f na travnat\u00e9 dr\u00e1ze v neuv\u011b\u0159iteln\u00e9m obdob\u00ed sedmn\u00e1cti let, do kter\u00fdch se zahrnuje i desetilet\u00e1 p\u0159est\u00e1vka zavin\u011bn\u00e1 dobou, je\u017e je zn\u00e1m\u00e1 jako obdob\u00ed v\u00fdstavby socialismu. Mezi v\u00edt\u011bze se zapsaly dal\u0161\u00ed \u010desk\u00e9 legendy tohoto sportu &#8211; Hugo Ros\u00e1k, Jan Luc\u00e1k, Anton\u00edn Kasper senior a tak\u00e9 &#8222;sout\u011b\u017e\u00e1k&#8220; Old\u0159ich Klaudinger. Cel\u00e9 toto obdob\u00ed p\u0159ineslo neuv\u011b\u0159iteln\u00e9 stotis\u00edcov\u00e9 n\u00e1v\u0161t\u011bvy, ale tak\u00e9 bohu\u017eel p\u011bt jmen jezdc\u016f, jejich\u017e \u017eivot skon\u010dil pr\u00e1v\u011b na t\u00e9to dr\u00e1ze.<\/p>\n<p style=\"text-align: justify;\">Rok 1964, kdy se z\u00e1vod p\u0159est\u011bhoval na st\u00e1vaj\u00edc\u00ed plochodr\u00e1\u017en\u00ed stadion, p\u0159inesl v\u00fdrazn\u00fd mezn\u00edk. Z travnat\u00e9ho z\u00e1vodu se stal klasick\u00fd a do Pardubic za\u010dali nach\u00e1zet cestu nejslavn\u011bj\u0161\u00ed jezdci tohoto sportovn\u00edho odv\u011btv\u00ed. Mnoz\u00ed z nich se py\u0161nili tituly sv\u011btov\u00fdch \u0161ampi\u00f3n\u016f. Sv\u00e9 mistrovstv\u00ed dokazovali a prok\u00e1zali p\u011btin\u00e1sobn\u00ed mist\u0159i sv\u011bta Ove Fundin a Tony Rickardsson, \u010dty\u0159n\u00e1sobn\u00fd mistr sv\u011bta Hans Nielsen, trojn\u00e1sobn\u00ed \u0161ampi\u00f3ni Erik Gundersen a Ole Olsen, ten je dokonce se sedmi v\u00edt\u011bzstv\u00edmi nejslavn\u011bj\u0161\u00edm mu\u017eem tohoto z\u00e1vodu.<\/p>\n<p style=\"text-align: justify;\">Naopak t\u0159eba \u0161estin\u00e1sobn\u00fd mistr sv\u011bta Ivan Mauger a \u010dty\u0159n\u00e1sobn\u00fd \u0161ampi\u00f3n Barry Brigss tuto trofej nez\u00edskali nikdy. Pot\u011b\u0161iteln\u00e1 je skute\u010dnost, \u017ee mezi t\u011bmito slavn\u00fdmi jm\u00e9ny najdeme \u010desk\u00e1 jm\u00e9na. Ji\u0159\u00ed \u0160tancl, Tom\u00e1\u0161 Topinka, Milan \u0160pinka, Anton\u00edn Kasper ml. a V\u00e1clav Mil\u00edk jsou jezdci, kte\u0159\u00ed ve Sv\u00edtkov\u011b p\u0159ekro\u010dili sv\u016fj st\u00edn a stali se v\u00edt\u011bzi tohoto presti\u017en\u00edho z\u00e1vodu, kdy startovn\u00ed listiny byly pln\u00e9 slavn\u00fdch jmen.<\/p>\n<p style=\"text-align: justify;\">I letos se pokus\u00ed plej\u00e1da na\u0161ich nejlep\u0161\u00edch plo\u0161in\u00e1\u0159\u016f poko\u0159it sv\u011btovou elitu. Pokud se jim to op\u011bt povede, je toto v\u00edt\u011bzstv\u00ed o to cenn\u011bj\u0161\u00ed, \u017ee se tak st\u00e1v\u00e1 v z\u00e1vod\u011b, kter\u00fd se jede jedn\u00edm z nejspravedliv\u011bj\u0161\u00edch syst\u00e9m\u016f.<\/p>\n","protected":false},"excerpt":{"rendered":"<p>Z\u00e1vod se poprv\u00e9 uskute\u010dnil v roce 1929 a byla to ud\u00e1lost. Jelo se na slavn\u00e9m dostihov\u00e9m z\u00e1vodi\u0161ti a byl to tak tro\u0161ku symbol t\u00e9 doby. Celkem patn\u00e1ctkr\u00e1t se zde se\u0161li p\u0159\u00edznivci tohoto sportu, aby na travnat\u00e9 dr\u00e1ze dlouh\u00e9 2 400<\/p>\n","protected":false},"author":1,"featured_media":0,"parent":0,"menu_order":0,"comment_status":"closed","ping_status":"open","template":"","meta":{"footnotes":""},"class_list":["post-42","page","type-page","status-publish","hentry"],"_links":{"self":[{"href":"https:\/\/www.zlataprilba.cz\/foogalerie\/wp-json\/wp\/v2\/pages\/42","targetHints":{"allow":["GET"]}}],"collection":[{"href":"https:\/\/www.zlataprilba.cz\/foogalerie\/wp-json\/wp\/v2\/pages"}],"about":[{"href":"https:\/\/www.zlataprilba.cz\/foogalerie\/wp-json\/wp\/v2\/types\/page"}],"author":[{"embeddable":true,"href":"https:\/\/www.zlataprilba.cz\/foogalerie\/wp-json\/wp\/v2\/users\/1"}],"replies":[{"embeddable":true,"href":"https:\/\/www.zlataprilba.cz\/foogalerie\/wp-json\/wp\/v2\/comments?post=42"}],"version-history":[{"count":0,"href":"https:\/\/www.zlataprilba.cz\/foogalerie\/wp-json\/wp\/v2\/pages\/42\/revisions"}],"wp:attachment":[{"href":"https:\/\/www.zlataprilba.cz\/foogalerie\/wp-json\/wp\/v2\/media?parent=42"}],"curies":[{"name":"wp","href":"https:\/\/api.w.org\/{rel}","templated":true}]}}